1*n + 7. Let t(k) = -6*a(k) - 17*i(k). What is t(-5)?
1
Let m(o) = o**2 + 10*o + 7. Let s(x) = 14*x + 65. Let d be s(-5). Give m(d).
-18
Let f be 2/11 + -16 + (-3003)/(-121). Let w(i) = -i**3 + 10*i**2 - 6*i - 3. Calculate w(f).
24
Suppose -37*d = -72*d + 38*d. Let v(l) be the third derivative of 0 + d*l - 9*l**2 - 1/6*l**3 + 0*l**4 - 1/60*l**5. What is v(0)?
-1
Let l(k) be the second derivative of k**5/60 + k**4/12 - 2*k**3 - 5*k. Let f(t) be the second derivative of l(t). Determine f(-6).
-10
Let u be (-4)/(-10) - (22/5 + -1). Let o be 3 + (22/u - (-4)/(-6)). Let f(y) = -y**3 - 5*y**2 - 3. Calculate f(o).
-3
Let q(l) be the third derivative of l**5/60 - 5*l**4/24 + l**3/3 + l**2. Let z be (16/24)/(8/(-684)). Let y = 62 + z. Give q(y).
2
Let o(i) = 12*i**3 - 13*i**2 + 12*i + 6. Let l(g) = 7*g**3 - 7*g**2 + 7*g + 3. Let t(w) = -5*l(w) + 3*o(w). What is t(3)?
-3
Let p(z) = -16*z - 5*z + 4*z - 103 - 106 - z**2 + 182. Determine p(-16).
-11
Let w(j) be the first derivative of j**4/24 - j**3/2 - 17*j**2/2 + 1. Let a(v) be the second derivative of w(v). Determine a(-8).
-11
Let g be (2/3)/((-14)/105). Let r(m) = m**3 + 6*m**2 + 7*m + 7. Give r(g).
-3
Let k = -1/1441 + 1447/8646. Let l(v) be the second derivative of 3*v + 1/2*v**2 + 0 - k*v**4 - 1/6*v**3. Determine l(1).
-2
Let q(f) = -3*f**2 - 7*f + 7. Let u(k) = -2*k**2 - 6*k + 6. Let z(m) = 3*q(m) - 4*u(m). Determine z(3).
-3
Suppose 150 = -17*w - 13*w. Let j(a) be the third derivative of a**4/6 + 2*a**3/3 + a**2. Calculate j(w).
-16
Suppose -3*u = 1 - 10. Let w(c) = -3*c**2 + 7*c**2 - u*c**2 + 3*c - 7. Let i = -47 + 42. Give w(i).
3
Let j(d) = 2*d - 17. Suppose -937*t + 936*t + 5 = 0. Give j(t).
-7
Let i(m) = -8 + 3 - 6*m - 15*m**2 + 20*m**2. Let z(f) = 14*f**2 - 19*f - 15. Let p(d) = -11*i(d) + 4*z(d). What is p(10)?
-5
Let o = 16 - 14. Suppose -c + 6*c = 4*k - 45, -o*k = c - 5. Let h(v) = -4*v - 7. Calculate h(c).
13
Let p = 681 + -683. Let a(i) = 1. Let r(c) = c**3 + 4*c**2 + c. Let o(b) = 2*a(b) - r(b). Give o(p).
-4
Let z = -3 + -2. Let m(c) = c**3 + 4*c**2 - 7*c - 6. Let s be m(z). Let w be -6*3/12*s. Let i(y) = y**3 + 6*y**2 + 2*y + 1. Calculate i(w).
-11
Let w(q) be the second derivative of -q**4/12 - q**3/6 + 3*q**2/2 - 6*q + 3. Calculate w(6).
-39
Let a(v) = 2*v. Let d be 54 + (0 - 3) + 9/3. Let j = d - 55. Give a(j).
-2
Let n(s) = 2*s - 11. Let f(k) = 2*k - 7. Let u be f(5). Let q(z) = u + 1 - 5. Let m(b) = n(b) - 2*q(b). Determine m(7).
5
Let f be (-1)/(56/(-49) - -1) + -19. Let b(j) = -j**2 - 13*j - 15. Calculate b(f).
-3
Let k = 443 + -448. Let u(z) = z**3 + 6*z**2 + z. Calculate u(k).
20
Let a(b) = -6*b - 57. Let p be a(-10). Let x(f) = -2*f**3 + 3*f**2 - 3. What is x(p)?
-30
Let u(v) = v**3 - 2*v**2 - 3. Let w(n) = 6*n**3 - 11*n**2 + n - 15. Let h(k) = 11*u(k) - 2*w(k). Give h(-2).
9
Let r(q) = -5*q + 3. Let z be (112/60 - 0) + 6/45. Determine r(z).
-7
Let t(l) = 17*l - 16. Let k(p) = -92*p + 80. Let j(c) = -2*k(c) - 11*t(c). Calculate j(11).
-17
Suppose 3 + 16 = r - 5*g, 12 = 4*r - 4*g. Let l(d) = -d**2 - 3*d**2 + 2*d - 4*d**2 + 1 - d - 5*d**2. Determine l(r).
-13
Let z(d) = 3*d**2 + 2*d + 3. Let o be z(-1). Let t(s) be the third derivative of 0*s - s**2 + 1/120*s**6 - 2/3*s**3 - 1/20*s**5 + 0 - 1/12*s**4. Determine t(o).
4
Let r(j) = 6*j**3 + 10*j**2 - j + 11. Let p(k) = 48*k**2 - k + 5*k**3 + 3 + 7 + 45*k**2 - 84*k**2. Let q = 14 + -19. Let a(b) = q*p(b) + 4*r(b). Give a(-5).
-11
Let s(i) be the third derivative of i**6/720 + i**5/120 - i**4/12 - 2*i**2. Let u(l) be the second derivative of s(l). Let x = 615 - 616. Give u(x).
0
Let y be (-2 - (-42)/(-9))*3. Let p = y - -14. Let o(q) be the first derivative of q**4/4 + 7*q**3/3 + 3*q**2 + q + 54. Give o(p).
1
Suppose -v - 15 = -5*h, -54 + 13 = -5*v - 4*h. Let n be (-10)/(-3) + 10/(-30). Let b(m) = -4*m**2 + n + m**3 - 6*m + 8 - 7. What is b(v)?
-1
Let j(d) = d**3 + 4*d**2 + 2. Let n = -1884 - -1881. Determine j(n).
11
Let b(u) = u**3 - u**2 + 14*u - 25. Let f be b(2). Let l(q) = q**3 - 7*q**2 - 2*q + 8. Calculate l(f).
-6
Let z(i) = 5*i - 115. Let f be z(23). Let m(n) = 2*n. Give m(f).
0
Suppose 69 = 4*r + 33. Let b(c) = -c. What is b(r)?
-9
Let t(y) be the third derivative of y**6/120 - 3*y**5/20 + 5*y**4/12 + 2*y**3/3 + y**2 - 169. Calculate t(8).
20
Let z(f) = -7*f + 4. Let k(c) = -8*c - 1. Let y(i) = 8*i. Let t(b) = 2*k(b) + 3*y(b). Let p(d) = -6*t(d) - 7*z(d). Give p(11).
-5
Let h be (-4 + 0 + -1)*(-8)/(-10). Let r be -3 - -1 - 16/h. Let c(j) = -4*j**2 - 2*j - 1. Give c(r).
-21
Suppose 2*l - 15 = 5*l, -5*x - 3*l = 50. Let u(d) = -5*d - 5. Determine u(x).
30
Let o(c) be the first derivative of c**6/360 + 7*c**5/120 + c**4/6 + 2*c**3 - 5. Let j(r) be the third derivative of o(r). Calculate j(-7).
4
Let c be (-10)/3*15/(-10). Suppose 5*y - 29 = f, -c*f + 4*y = 10 + 30. Let i(j) be the third derivative of j**5/60 + j**4/8 + 5*j**3/6 + j**2. Give i(f).
9
Suppose o - 4*o + 66 = 0. Suppose 4 = 2*p, o = 2*j + 5*p - 0. Let g(q) be the third derivative of q**4/24 - 11*q**3/6 - 6*q**2. Determine g(j).
-5
Suppose 4*h = 2*c + 36, 4*h = 5*c + 60 - 18. Suppose -y - 25 = -o, -7 = 3*y + h. Let p = o + -18. Let m(a) = a**3 - 2*a**2 + 2*a - 2. Calculate m(p).
2
Let h(b) = 2*b - 28. Let o(g) = 3*g - 42. Let s(l) = -8*h(l) + 5*o(l). Suppose -4*n = -0*n. Determine s(n).
14
Suppose -70*y + 66*y = -64. Let i(z) = z - 7. What is i(y)?
9
Let c(i) be the first derivative of -i**2/2 + 21*i - 215. What is c(0)?
21
Suppose 2*t - 6 = 2*z, -4*t + 6*t - 5*z = 9. Suppose -1 - 1 = -t*c. Let v(s) = 3 + 8*s - 4*s**2 - 2*s**3 - c - 10*s. Give v(-2).
6
Suppose -5*j - 6 = -3*n - 3*j, -5*n = 3*j - 10. Let x(z) = -7*z - n + 2*z**2 + 0*z**2 - 3*z**2 - 4. Let h = 8 - 15. Give x(h).
-6
Let x(i) = i**2 + 7*i - 5. Let o(m) = -8*m**3 + 2*m - 1. Let l be o(1). Calculate x(l).
-5
Let t = -642 + 645. Let m(v) be the first derivative of 4 - 2*v - 4*v**2 + t*v**3 - 1/4*v**4. Give m(8).
-2
Let k(s) = 2*s**3 - s**2 - s. Let w = -25 - -29. Suppose -2*i = l + 1, -i = -4*l - 5*i - w. What is k(l)?
-2
Let z(v) = -v**2 - 2*v + 12*v**2 - 5*v**2 - 7*v**2 - 1. What is z(-1)?
0
Let s(q) = -q**3 + 5*q**2 + 6. Let h(a) = -10*a + 65. Let d be h(6). Calculate s(d).
6
Suppose 9 + 3 = 6*h. Let c(w) = 10*w**2 + w**h - 10*w**2. Calculate c(-1).
1
Let v(k) = -4 - 5*k + 0*k + 6*k + 0*k. Let t be v(0). Let w(p) = -4*p + 4. Calculate w(t).
20
Let q = 49 + -47. Let n(v) = -33*v**2 - 31*v**2 + 3 + 4*v + 65*v**q. Calculate n(-3).
0
Let q(p) = -33*p**2 + 1 + 35*p**2 + 5*p - 4. Suppose 2*u = -5*y + 6*u - 28, -4*u = -8. Calculate q(y).
9
Let u be 3/18*117/390. Let x(b) be the second derivative of -1/12*b**4 + 1/6*b**3 + u*b**5 + 0 + 8*b**2 + 3*b. Calculate x(0).
16
Let d(n) = 2*n + 1. Let r(x) = 14*x - 62. Let c(j) = -5*d(j) + r(j). What is c(18)?
5
Let z = 173 - 168. Let a(p) be the second derivative of 0 + 1/6*p**3 - 3/2*p**2 + 1/20*p**z - 4*p - 1/4*p**4. Give a(3).
0
Let a(j) = -72*j + 6 + 39*j + j**2 + 38*j. Determine a(-5).
6
Let g(q) = q - 6*q - 1 - 6*q**2 + 3 - q**3. Suppose 14*p + 31 = -39. Determine g(p).
2
Let u be 2/(-8)*-5*4. Let l = -2 + u. Let c(w) = -7*w + 2. Let v(m) = -12*m + 3. Let z(i) = 9*c(i) - 5*v(i). Determine z(l).
-6
Suppose -13 = -b - 7*p + 9*p, -4*b + p + 17 = 0. Suppose 0 = f + 2*l + l + 19, b*f + 17 = -l. Let m(i) = 2*i + 5. Give m(f).
-3
Let k be 11/((-4)/(-2)*2/(-4)). Let p = 17 + k. Let t(a) = -a + 1. Calculate t(p).
-5
Let f(v) = -v - 3. Let j(d) = 2*d + 7. Let z be 2/(-3)*-3 + -7. Let p be j(z). Let b be (2/p)/(18/(-81)). Calculate f(b).
-6
Let c(i) be the third derivative of i**5/60 + i**4/12 - 5*i**3/6 + 30*i**2. Determine c(-4).
3
Let v(a) = -5*a**2 - a**3 + 0*a**3 + 3 + 2 + 7*a. Let d = -87 - -93. Let g(k) = k**2 - 7*k. Let t be g(d). What is v(t)?
-1
Let i = -115 - -117. Let r(k) = 10*k**2 - 13*k**i + 1 + 7*k**2. What is r(-1)?
5
Let a = 6 - 3. Let d(x) = 5*x + a*x - 5 - 12*x. Determine d(-5).
15
Let i(r) be the third derivative of -r**6/120 - r**5/20 - r**4/4 - 11*r**3/6 + 2*r**2 - 4*r. Give i(-3).
7
Let x(h) = -18*h**2. Suppose -b + 2*b = 5, 11 = 2*l + 3*b. Let j(v) = -4*v - 7. Let w be j(l). Determine x(w).
-18
Let q(z) = -z**3 + 11*z**2 - 9*z - 17. Let d be 25/(-2)*(-88)/110. What is q(d)?
-7
Let d = -55 - -58. Suppose v + 7*b - d*b + 19 = 0, 0 = -2*v + b +